4*x**2 - 5*x. Let k(c) = -11*h(c) + 4*n(c). What are the prime factors of k(1)?
3
Let r be 0 + -3 + 2 + 3. Suppose -x = -r*x - 2, -2*f + 16 = -x. List the prime factors of f.
7
Let w = -5 + 9. Suppose -w*n = -3*g - 13, n = 3*g + 11 - 1. List the prime factors of 11/(2 + (-1)/n).
11
Suppose -h + 5*h - 8 = 5*r, 0 = -4*h - 5*r + 8. Let m = 2 + h. What are the prime factors of m?
2
Suppose -7 = -t + 2*t. Let u = t + 15. What are the prime factors of u?
2
Suppose 15 = 3*t + 2*t. Suppose 0 = t*d + 2*f, 0*f = 2*d - f. Suppose -33 = -3*k - d. What are the prime factors of k?
11
Let g(o) = 10*o. Let z(u) = -3*u - 5. Let s(w) = -7*w - 11. Let h(n) = 2*s(n) - 5*z(n). Let q be h(-2). What are the prime factors of g(q)?
2, 5
Let j(r) = -r**3 - 3*r**2 - 2*r + 8. Let z be j(-6). Suppose 0 = 4*b - 2*b - z. What are the prime factors of b/6 + (-1)/(-3)?
11
List the prime factors of (1 - 1436/(-12)) + 2/(-3).
2, 3, 5
Suppose -m - 231 = -5*o + 3*m, 2*m - 237 = -5*o. List the prime factors of o.
47
Let a = 7 - 21. List the prime factors of 21/a*(-68)/6.
17
Let h be (-6)/(-9) + (-106)/(-3). Suppose 5*n - 5 - 19 = 3*q, 12 = -4*q. Suppose -c - n*c = -h. List the prime factors of c.
3
What are the prime factors of -1*(-4 + -35 + 3)?
2, 3
Suppose 3*x + 10 = 4. List the prime factors of (2 + 7)*x/(-6).
3
What are the prime factors of -4*(-2)/16*(121 - -3)?
2, 31
Let f = -5 - -7. Suppose -f*a + 3*v + 159 = -0*a, 3*a = v + 242. List the prime factors of (-4)/6*a/(-6).
3
Let p be 48/(-5) + 6/10. Let n be (-3)/(p/60) - 0. Suppose 0 = -s - 4*s + n. List the prime factors of s.
2
Let p = 8 - 14. What are the prime factors of (0 + 6)*(-2)/p?
2
Suppose -3*l = -4*m - 445, -478 + 173 = -2*l + m. What are the prime factors of l?
5, 31
Let p(t) = -t**3 + 9*t**2 - 7*t + 3. Let b be p(8). Suppose 2*h = b + 7. List the prime factors of h/(-2)*-2*1.
3
Suppose -g + 11 = 4*g + 4*d, -4*d - 7 = -g. Suppose -32 = g*s + s. What are the prime factors of s/(-6) - 4/(-6)?
2
List the prime factors of 1306/14 + (-2)/7.
3, 31
Suppose 57 = 4*n + 9. Suppose -5*l - 2*d = -3 - 12, -4*d = -4*l + n. Suppose -r = -l*r + 16. What are the prime factors of r?
2
Let i = -31 + 54. What are the prime factors of i?
23
Let s(f) = 3*f**2 - 8*f + 4. List the prime factors of s(7).
5, 19
Let x(c) = c**3 - 10*c**2 + 12*c - 13. List the prime factors of x(10).
107
Let d(f) = f**2 + 4*f - 7. Suppose -3*v = 4*w - 9 + 43, -2 = -3*v + 5*w. List the prime factors of d(v).
5
Let o(z) = 3*z + 3. Let t(n) = 6*n + 5. Let i(q) = 5*o(q) - 3*t(q). What are the prime factors of i(-10)?
2, 3, 5
Let m(k) = 16*k**2 + 2*k - 1. List the prime factors of m(1).
17
Let m be ((-2)/3)/((-4)/6). Let n = m - -2. List the prime factors of n.
3
Suppose -4*r + 532 = r - y, 2*y = -2*r + 208. Let l = -62 + r. What are the prime factors of l?
2, 11
Suppose 3*i = 4*h + 23 + 35, 0 = -i - 3*h + 41. What are the prime factors of i?
2, 13
Let n(y) = -1. Let u(r) = -r + 5. Let d(i) = 2*n(i) - u(i). Let s be d(7). Suppose 3*m - 20 = -h, s*h = 3*h - 2*m - 16. What are the prime factors of h?
2
Suppose 4 + 0 = -4*d. Let p = -3 + d. List the prime factors of p*(-6)/(-9)*-3.
2
Let x be 4/(-8)*0 - -16. Suppose -x = -2*s + s. What are the prime factors of s?
2
Suppose -2*j - 4*n + 8*n = -2, 3*j = -2*n - 5. Let s be 6/j*(-6 + 4). Suppose -s = -r - 0*r. List the prime factors of r.
2, 3
What are the prime factors of (-2134)/(-13) + (-1)/(13/2)?
2, 41
Let f(l) = 2 + l - 1 + 0. Let s be f(-6). Let h(a) = -a**2 - 7*a - 7. List the prime factors of h(s).
3
Suppose 4*f + 3*o - 1650 = 0, o = -4*f - o + 1652. List the prime factors of f.
2, 3, 23
Let k = 191 - 4. Suppose 0 = -3*g - j + k - 69, 0 = -5*g - j + 196. Suppose -5*f = -u - 0*f + g, f - 23 = -2*u. List the prime factors of u.
2, 7
Suppose 0 = 2*f - 155 + 43. What are the prime factors of f?
2, 7
Let b(a) = 5 + a**3 + 6*a**2 + 2*a**3 - 3*a**3 - a**3. Let m(z) = -z**2 - 7*z. Let o be m(-6). What are the prime factors of b(o)?
5
Suppose 0 = 4*y + 5*r - 6, -4*y + r + 3*r - 12 = 0. Let v be (-6)/9*(2 - y). Let f = 4 + v. What are the prime factors of f?
2
Suppose 0 = r + 1, k + 4*r = 3*k - 70. Let a = k - 21. What are the prime factors of a?
2, 3
Let w(a) = -a**3 - a**2 + a + 3. Let p be w(0). Suppose 4 + 11 = p*z. Suppose z = 2*o - 17. What are the prime factors of o?
11
Suppose 0*n = -5*n + 30. Let k = n + -9. Let t = k + 13. List the prime factors of t.
2, 5
Let n(v) = -v**2 - 8*v - 6. Let c be n(-7). Let z be (c + 4/(-3))*-9. Suppose -3*x - r + 0*r + 35 = 0, 0 = z*r - 15. List the prime factors of x.
2, 5
Suppose -4*u + 3 + 5 = 0. Suppose -m = 4*f - 2*m - 62, u*m - 4 = 0. What are the prime factors of f?
2
Suppose 0 = -t - 2*t + 6. Let a = 1 - t. What are the prime factors of ((-2)/1)/(a/6)?
2, 3
Let c(s) = 4*s**3 + s**2 - s + 1. Let w be c(1). Suppose w*k - u - 90 = 0, 2*k + u - 36 = 6*u. Let y = k - 7. List the prime factors of y.
11
Suppose -990 = -5*n - 5*q + 650, -5*n + 1664 = -3*q. What are the prime factors of n?
331
Suppose -167 = -3*x + 247. List the prime factors of x.
2, 3, 23
Suppose 3*o + 12 - 51 = -2*x, -3*x = 5*o - 66. List the prime factors of o.
3, 5
Suppose 2*t + 2*j + 20 = 6*t, -t - 2*j = -5. Suppose -4*q - 32 = -l, 2*l + 2*q = t + 9. List the prime factors of l.
2, 3
Let d(u) = u**3 + 9*u**2 + 7*u - 1. What are the prime factors of d(-8)?
7
Suppose -5*g = -5*p - 97 + 32, 2*p - 86 = -5*g. What are the prime factors of 2/(3/(-3)) + g?
2, 7
Let q = -14 + 50. What are the prime factors of q?
2, 3
Let y(m) = -31*m**3 - 8*m**2 - m. Let w(s) = 61*s**3 + 15*s**2 + 2*s. Let o(r) = -6*w(r) - 11*y(r). What are the prime factors of o(-1)?
2, 3
Let j(n) = n**3 - 8*n**2 - n + 11. Let g be j(8). Suppose 0*q + 43 = g*y - 4*q, -5*y = -4*q - 69. List the prime factors of y.
13
Suppose 0 = -6*u + u + 95. Suppose -4*z + 113 = -u. List the prime factors of z.
3, 11
Suppose -2*c = -6*c - 3560. What are the prime factors of (-4)/(-18) + c/(-45)?
2, 5
Suppose 4*y + 0 = 4. Suppose -3*o + 5*l = -1, 3*l = 4*l - y. Suppose -o*d + 13 = 3. What are the prime factors of d?
5
Suppose 0 = 5*p - 0*p - 25. Suppose -5*o = -3*c - 47, -p*o + 9*c - 4*c = -55. What are the prime factors of o?
7
Let u(g) be the third derivative of -g**5/60 - g**4/4 - g**3 + 3*g**2. What are the prime factors of u(-4)?
2
Let i be (-4)/(-10) + 299/65. Let m(j) = j**2 - 2*j - 12. List the prime factors of m(i).
3
Let p = 422 - 212. List the prime factors of p.
2, 3, 5, 7
Suppose -u + 3*d + 40 = 0, 3*u - 5*d = u + 75. What are the prime factors of u?
5
Suppose 5*u + 55 = 250. What are the prime factors of u?
3, 13
Let t(g) be the first derivative of -g**3/3 - 11*g**2/2 + 5. What are the prime factors of t(-9)?
2, 3
Let n = 353 - 172. List the prime factors of n.
181
Suppose -5*b + 99 + 31 = 0. What are the prime factors of b?
2, 13
Suppose 0*h - 2*h = -216. Suppose l + 40 = p - 2*l, -5*l - h = -3*p. What are the prime factors of p?
31
Let q = -3 - -5. Let v be (1 - -1)*1 - 1. What are the prime factors of (-1 - v) + 28/q?
2, 3
Suppose -4*z + 49 = -27. What are the prime factors of z?
19
Let x = -2 + 4. Suppose x*q = 8 + 8. What are the prime factors of q?
2
Let f = -1 + 3. Suppose 9 - 1 = f*w. What are the prime factors of w?
2
Suppose 3*v + 2*v = -60. Let z = -35 - v. What are the prime factors of 1*3 - (z - -4)?
2, 11
List the prime factors of (1/1)/((-7 + 3)/(-124)).
31
What are the prime factors of (1 + 3/(-5))/((-2)/(-1420))?
2, 71
Let n(b) = b**2 + 2*b + 1. Let p be n(-4). Let x(g) = 10*g - g**3 + 0*g**3 + 8*g**2 + 327 - 333. What are the prime factors of x(p)?
3
Suppose -t + 8*t - 14 = 0. Suppose 0 = t*h - 9 - 17. List the prime factors of h.
13
Let f be 2/(1 + (-2)/6). Let l be (3 + -1)*f + -2. Suppose -3*w + l = -w. What are the prime factors of w?
2
Let p(h) = 5*h**3 - h. Let m be p(1). Suppose -m*k + 11 = -49. What are the prime factors of 28/35*(0 + k)?
2, 3
Let b = 35 + -14. Let r = 15 + -15. Suppose 12 + 14 = 2*i + 4*p, -i + 2*p + b = r. List the prime factors of i.
17
List the prime factors of 582/66 + (-4)/(-22).
3
Suppose -5*r = -3*u + 223, -u + r + 4*r = -91. List the prime factors of u.
2, 3, 11
Suppose 0*b - 2*s = -3*b - 14, 4*b + 16 = 4*s. What are the prime factors of 9*(-4)/b + -1?
5
Let u = -78 + 166. List the prime factor